Determine g(k).
-11
Let r(o) be the first derivative of -1/4*o**4 + 1/3*o**3 - o + o**2 - 3. Let b = -9 - -12. What is r(b)?
-13
Let b = -3 - -8. Suppose 0 = -4*v + 4*w + 1 - 9, -19 = b*v + 4*w. Let r(m) be the second derivative of -m**4/12 - m**3/6 + 2*m**2 - 1082*m - 1. Give r(v).
-2
Let b(w) = 2*w**3 - w**2 + 1. Let o be b(1). Suppose -8 = -o*q + 4*t, 4*t = 3*q + 2*t - 4. Let u(y) = -4 + 2 + 4*y**2 - 9 - 3*y**2. Calculate u(q).
-11
Suppose -3*r - 2 = -5. Let s(z) = 10*z**2 - 6*z - 7. Let k(c) = -90*c**2 + 56*c + 67. Let d(b) = -2*k(b) - 19*s(b). Give d(r).
-9
Let c(r) = -r**3 - r**2 + 4*r + 1. Let d be c(-3). Let z(a) = 9 + d - 13 + 4*a. Suppose 3*y = 4*j - 28, -42 = 4*y - 5*j - 6. Give z(y).
-13
Let k(v) = -6*v**2 + 5*v + 9. Suppose -2*u = 2*i + u + 14, 0 = 3*u + 6. Let x(r) = -5*r**2 + 4*r + 8. Let w(s) = i*k(s) + 5*x(s). Calculate w(3).
-5
Let w(r) = -13*r**2 + 44*r - 9. Let i(u) = u + 1. Let y(t) = 5*i(t) + w(t). Let c(p) = -3*p**2 + 12*p - 1. Let h(k) = -9*c(k) + 2*y(k). What is h(10)?
1
Let o(x) be the first derivative of x**2/2 + x - 35. What is o(-2)?
-1
Let n(c) be the third derivative of -c**7/840 - c**6/120 - c**5/40 + c**3/3 + 11*c**2. Let g(i) be the first derivative of n(i). Give g(-2).
2
Let i(o) = -4*o - 19. Let d be i(-6). Suppose -1 = -f, -h + d*h - 91 = f. Let j = -25 + h. Let k(a) = a**3 + 2*a**2 + 3*a + 3. Give k(j).
-3
Let o(k) be the second derivative of -1/60*k**5 + 0*k**4 + 0*k**3 + 6*k + 0 - 3/2*k**2. Let m(r) be the first derivative of o(r). Give m(2).
-4
Let d(o) = -o**3 + 4*o**2 + 2*o + 6. Suppose -2*n - 29 = -5*s - 0*n, 17 = 5*s + 4*n. What is d(s)?
-9
Let y(d) = -2614*d - 2 - 2 + 2613*d. Suppose a + 2 = -3. Give y(a).
1
Let f(n) = 2*n**2 - 3. Let j(u) = u**2 - 1. Let m(w) = -f(w) + 4*j(w). Suppose 3*y + 5 - 2 = 0. Determine m(y).
1
Suppose -4*a = -15 + 7. Let m(h) = -3*h**a + 8*h + h**3 + 10*h**2 + 0*h**3. Give m(-6).
-12
Let r(g) = -35*g**2 - g + 13. Let p(d) = 29*d**2 + 2*d - 13. Let c(z) = 6*p(z) + 5*r(z). Determine c(4).
-1
Let q(w) = 5 + 90*w - 89*w + w**2 - 11*w**3 + 10*w**3. Give q(0).
5
Suppose -84 = -8*a + 20*a. Let p(h) = -2*h - 4. Give p(a).
10
Suppose 5*l = -50 - 10. Let c(t) = -5*t - 60. Let i be c(l). Let f(q) be the third derivative of -q**4/24 - 11*q**3/6 + q**2. Determine f(i).
-11
Let i be ((-3)/9 - -1) + (-8)/3. Let h be ((i - -14)/3)/2. Let x(d) = d + 3. Let b(r) = r + 4. Let w(a) = -4*b(a) + 5*x(a). Give w(h).
1
Let k(c) = -4*c - 10. Let t(r) = -12*r - 31. Let x(q) = -8*k(q) + 3*t(q). Let j(g) = g + 3. Let b(a) = -22*j(a) - 6*x(a). Calculate b(-8).
-4
Let y(j) be the first derivative of -j**4/4 + 5*j**3/3 - j**2 + 17*j - 385. Give y(5).
7
Let y be (-1 - -3)/(3/6). Let f(w) be the third derivative of w**6/120 - w**5/12 + w**4/24 - 1271*w**2. Calculate f(y).
-12
Let k(i) = -i**3 + 2*i**2 - 3*i + 2. Let q be (-1)/(21/14 + (-263)/174). Let r = q + -85. Give k(r).
-4
Let j(n) = n**3 - 4*n**2 + 3*n + 3. Suppose t + 3*m - 34 = -t, 0 = -t - 2*m + 17. Let y = 25 - 11. Let h = t - y. Determine j(h).
3
Let l = 6 - 17. Let w = -12 - l. Let v(s) = -6*s - 1. Determine v(w).
5
Let v(z) = 191 - 63 - 120*z + 99*z. Determine v(6).
2
Let h(y) = y + 15. Let v be h(-14). Let x = v - -4. Let n(l) = -21 + l + 24 - 2*l - 4*l**3 - x*l**2 + 3*l**3. Determine n(-4).
-9
Let m(j) = -j**3 + 3*j**2 + 2*j - 2. Let k(w) = 3*w - 22. Let o be (-180)/(-24) - 1/(-2). Let s be k(o). Determine m(s).
6
Let j(u) = -3*u**2 - 84 + 28 + u + 29 + 28. What is j(-2)?
-13
Suppose p - 30 = -4*p. Suppose -9 - 3 = -4*f. Let j(d) = d**2 + f - d + 7*d - 2*d**2. What is j(p)?
3
Let l(f) = 10*f**2 + 44*f - 8. Let y(d) = -d**2 + 7*d - 1. Let w(t) = -l(t) + 6*y(t). Determine w(1).
-16
Let u(c) = -c**3 + 8*c**2 - 7*c - 3. Suppose 5*p = 9 - 4. Let v be ((-35)/25)/(p/(-5)). Determine u(v).
-3
Suppose -3*t + 38 = 4*i, 5*i - 6*t + 3*t = 34. Let q(f) = f**2 - 6*f - 6. What is q(i)?
10
Let w(o) = 356*o**2 + 361*o**2 - 718*o**2 + 0 + 3*o + 8. Determine w(-6).
-46
Let d = -7 - -3. Let b be (35/(-28))/(1/d). Let m(u) = -u - 4. What is m(b)?
-9
Suppose 4*s + s = -15. Let l be -4 - -2 - s - 1. Suppose l = t + 2*t - 3. Let a(c) = -4*c + 1. Calculate a(t).
-3
Let v = -112 - -162. Let t(r) = -2*r**2 + 0*r**2 - 100*r**3 + v*r**3 + 23*r**3 + 1. Calculate t(-1).
26
Let j(p) = -p**3 - 8*p**2 + p + 2. Let n(s) = 7*s + 2. Let l be n(1). Let y(d) = 5*d**3 + 33*d**2 - 5*d - 7. Let h(q) = l*j(q) + 2*y(q). Calculate h(6).
-2
Suppose -13 = -n - 2*k - 2*k, -12 = -4*k. Suppose -3*z = -7*z + 4*a + 64, -5*z + a = -100. Let c(f) = 18*f - 2 - z*f + 2. Determine c(n).
-3
Let t = 235 - 231. Let z(c) = -3*c + 6. Calculate z(t).
-6
Let r(b) be the first derivative of b**2/2 + 105. Determine r(9).
9
Let u be 66/(-33)*1/2. Let d(p) = 23*p**2 + 3*p + 3. Determine d(u).
23
Suppose -6 = 3*r - 3*z, 0 = 4*z - z - 15. Let u = -423 + 427. Let v(n) = -10 + 3 - 5*n**2 + 4*n - 3*n**r + u*n**3. Determine v(5).
13
Let k be 0/(3 - 1) + 0. Suppose 0 = 5*z - 4*s - 1 - 22, -4*z - 3*s = -6. Let x(j) = z + k - 2 + 0*j + 2*j. Determine x(2).
5
Let g(h) = h - 2. Suppose 3 - 2 = w. Let k(u) = u. Let q(c) = w*g(c) - 2*k(c). Determine q(-4).
2
Let r(q) be the second derivative of -1/2*q**3 + 0*q**2 + 0 - 15*q. Let y(x) = x**3 - 4*x**2 + 2*x + 1. Let f be y(3). Calculate r(f).
6
Let b = 264 + -264. Let h(a) = -2 + 7*a - 2*a - 11. Let w(d) = -4*d + 12. Let x(n) = 5*h(n) + 6*w(n). Determine x(b).
7
Let u(z) = -z**3 - 2*z**2 + 6*z + 3. Let h be ((-6)/10)/(2/(-10)). Suppose h*k = -k + 28. Suppose k = -4*r - 9. Give u(r).
11
Suppose 8 = 5*f - d, 2*f + 4*d + 8 = -2. Let w(c) be the third derivative of 0*c**5 + 1/6*c**3 - 1/12*c**4 - 34*c**2 + 0*c - 1/15*c**6 + 0. Give w(f).
-9
Let w(t) = -t**3 - 2*t**2 + 3*t + 4. Suppose 6*c = 2*c - 8, 4*a = 5*c - 78. Let b be 0/1 + -1 + 20. Let g = a + b. Determine w(g).
4
Suppose 0 = 3*d - 6*d. Suppose d = -2*x + 7*x - 15. Let f(m) = 0 + 2*m**2 + 5 - 3 - 5*m. Determine f(x).
5
Let p(f) = f**2 - 15*f + 28. Let z = 163 - 150. Give p(z).
2
Let a(l) = -l**3 + 26*l**2 + 55*l + 36. Let o be a(28). Let y(b) = b + 3. Calculate y(o).
11
Suppose -97 + 31 = 6*t. Let c = t + 16. Let q(y) = -y**2 + 4*y - 4. Give q(c).
-9
Let l be 10*1*8/16. Suppose 6*b - l = 5*b. Let x(i) = i**2 - 6*i - 1. What is x(b)?
-6
Let o be 1*(8 + -2 + -4). Let n(i) = -i**3 + 5*i**o + 2*i**2 - 4*i**2 - 1. Calculate n(1).
1
Suppose -o - 3 = c - 2*o, -3*c - 9 = 3*o. Let i(n) = 2*n + 1. Give i(c).
-5
Let a(c) = -6*c - 2. Let s(i) = -26*i - 5. Let x(u) = 9*a(u) - 2*s(u). Give x(-7).
6
Let l(q) = 7*q**3 - 3*q + 2. Suppose 5507 = -15*k + 5522. Give l(k).
6
Let q(z) = 2*z - 5 + 0*z + 5. Let t be q(1). Let r(j) = 48 - 7*j - 47 + j - t*j. Give r(1).
-7
Suppose -368*p + 373*p = 0. Let k(b) be the third derivative of 2/3*b**3 - 1/60*b**5 + 0*b + 0*b**4 - 6*b**2 + p. Give k(-3).
-5
Let o(q) = -q**3 - 5*q**2 + 2*q + 7. Suppose -d + 22 = -5*v, 0 = 15*v - 20*v - d - 28. Calculate o(v).
-3
Suppose 21*k = 14*k + 7. Let r(b) = -20*b**3 + 1. Give r(k).
-19
Suppose 25 = -h + 14. Let u(k) = k - 3. Let j(d) = -6*d + 16. Let p(w) = h*u(w) - 2*j(w). Give p(-5).
-4
Let t(m) be the first derivative of -m**2/2 - 5*m - 418. Let n(f) = -f**2 + f - 5. Let a be n(0). Determine t(a).
0
Let t(x) be the first derivative of 12*x + 5 + 0*x**3 - 1/12*x**4 + 15/2*x**2. Let k(z) be the first derivative of t(z). What is k(0)?
15
Suppose -4*i + 4 + 4 = 5*b, -b = -2*i - 10. Let s(l) = 0 + 2*l + 0*l + 0*l + b. What is s(-4)?
-4
Let i(y) be the first derivative of -y**5/60 + 5*y**4/24 + 13*y**3/3 - y**2/2 + 9. Let q(r) be the third derivative of i(r). Give q(4).
-3
Let i be 46/(-6) + (-1)/3. Let r(b) = -2*b**2 - 33*b - 8. Let v(q) = -q**2 - 18*q - 4. Let l(j) = 3*r(j) - 5*v(j). Determine l(i).
4
Let y(v) = v**3 - 4*v**2. Let t(w) = -2*w**2 + 21*w - 6. Suppose -12 = -3*u, -5*r + 18 + 12 = -5*u. Let a be t(r). Determine y(a).
0
Suppose -208*h + 72*h - 816 = 0. Let q(d) = -7*d**3 - 15*d**2 + 3*d - 5. Let i(n) = 10*n**3 + 22*n**2 - 5*n + 8. Let y(t) = -5*i(t) - 7*q(t). What is y(h)?
7
Let r(l) = 35*l - 66*l + 19*l + 22*l - 6. Calculate r(6).
54
Let b(p) = -p**3 - 6*p**2 - 3. Let i(m) = m + 11*m**3 + m**2 + 5*m**3 - 6*m**3. Let g be i(-1). Let c = g + 4. What is b(c)?
-3
Let x(n) = 10*n**2 + 15*n + 21. Let y(g) = -3*g**2 - 5*g - 7. Let d(q) = -2*x(q) - 7*y(q